 of y and m?
2
Suppose 0*j = -2*j - 4. Let c = 0 + j. Let i be (-7)/c*2/1. Calculate the highest common divisor of i and 28.
7
Let s(q) = -4*q + 2*q + 0*q + 10*q**2. Suppose 0 = 4*d + 9 - 1. Let y be s(d). What is the greatest common factor of 4 and y?
4
Let c(l) = -l - 5. Let y be c(-9). Let a be 3 - (-40)/4 - y. What is the highest common divisor of 3 and a?
3
Let m(u) = u + 17. Let w be m(-6). Calculate the highest common factor of 33 and w.
11
Let v = 18 - 0. Suppose 5*f = -4*x + 195, -5*x - v = 4*f - 255. Calculate the highest common divisor of x and 9.
9
Suppose 3*k = -2*s - 2*k - 142, 5*s = -3*k - 393. Let x = 45 + s. Let h = x - -56. Calculate the greatest common divisor of h and 5.
5
Let t(k) = -k**2 - 15*k - 27. Let m be t(-12). Calculate the highest common factor of 12 and m.
3
Let i be 2/9 - (-52)/9. Calculate the greatest common factor of 2 and i.
2
Suppose -2*k + 16 = -6*h + 3*h, -4*k = -h - 12. What is the greatest common divisor of k and 1?
1
Suppose -16*h + 4*h = -84. Calculate the highest common divisor of h and 63.
7
Let s = -6 - -51. What is the greatest common divisor of 5 and s?
5
Let c(y) = 10*y**2 + 3*y - 1. Let p be c(2). What is the highest common factor of p and 5?
5
Suppose -4*b = 2*s - 276, s - 12 - 131 = -b. Let q = -103 + s. Let o = 35 + q. Calculate the greatest common divisor of o and 10.
10
Suppose -3*m + 21 + 18 = 0. Let o(x) = 7*x**2 - 2. Let i be o(-2). Calculate the greatest common factor of i and m.
13
Suppose -9*x + 7*x = -752. Suppose -k = 2*m + k - 250, -2*k = 3*m - x. What is the highest common factor of 18 and m?
18
Suppose -4*q + 111 = -q. Suppose j - 5*v = q, 4*j - 3*v + 36 - 99 = 0. Calculate the greatest common divisor of 8 and j.
4
Suppose 0 = h - 0*m + 4*m - 25, -10 = -2*m. Suppose -h*g = 5*c - 85, 5*g = 2*c - 0*c - 13. What is the highest common divisor of c and 2?
2
Suppose 5*p + 28 = 4*q, 3*q - 10 = 2*p - p. Suppose l - 43 = -5*z, q*l + z + 13 = 3*l. What is the highest common divisor of l and 90?
18
Suppose -4*c = 2*m + 94, 3*m = -0*m + 2*c - 157. Let y = m - -74. Suppose 2*h + h = -5*a + y, 19 = 4*a + 3*h. Calculate the greatest common divisor of 2 and a.
2
Let h(g) = g**2 - 2*g - 1. Let s be h(-3). Let p = s + -2. Calculate the greatest common factor of p and 48.
12
Let i(f) = 15*f - 18. Let g be i(10). Calculate the highest common divisor of g and 12.
12
Let h = 66 + -40. Calculate the greatest common factor of 65 and h.
13
Let g(l) = -l**2 - 6*l - 5. Let c be g(-4). Let r be (3/(-2))/c*-52. What is the greatest common divisor of r and 26?
26
Let n(x) = x**3 + 8*x**2 - 7*x - 8. Let o be n(-8). Calculate the greatest common factor of 12 and o.
12
Let z = -341 + 503. What is the greatest common factor of 18 and z?
18
Let m = -6 + 10. Suppose -600 = -m*t + 2*t + 4*j, 3*t - 2*j - 880 = 0. Let n be t/4 + 2/(-4). What is the greatest common factor of 8 and n?
8
Let w(j) = j**2 - j - 10. Let l be w(6). Calculate the highest common factor of l and 4.
4
Let z(d) = -3*d + 19. Let c be z(5). Calculate the greatest common divisor of 4 and c.
4
Suppose 1010 = 2*g + 282. Suppose -l - 91 = 2*t, 4*l - t + g = -4*t. Let m = l + 133. What is the highest common divisor of 6 and m?
6
Let p be 1 + -8 - (-2 + 1). Let w(u) = 2*u**2 + 5*u + 2. Let t be w(p). Calculate the greatest common factor of 110 and t.
22
Let j = -13 - -37. Let d = -7 - -6. Let v be d/(-2) + 30/4. What is the greatest common factor of v and j?
8
Suppose 11 - 46 = -5*s. Calculate the greatest common divisor of s and 14.
7
Suppose 0*w = -4*w + 116. Suppose -z = -k + w, -67 = -3*k + z - 2*z. Calculate the greatest common divisor of k and 36.
12
Let h be (-3 - -2)/(2/2). Let q be (-3 + 2)/h + 16. Let k = q + -12. Calculate the greatest common factor of k and 1.
1
Let v be 0/(-1) - 0/(-2). Suppose -4*l + 0*m = -4*m - 44, v = -2*m. What is the highest common factor of 121 and l?
11
Suppose -3*b - 132 = -h - 7*b, 3*h + 2*b - 416 = 0. What is the highest common divisor of h and 4?
4
Let u(b) = -6 + 1 + 5*b + 2 + b**2. Let t be u(3). Suppose 5*f + 2*h - t = -1, -f - 2*h = 4. Calculate the greatest common factor of 15 and f.
3
Suppose 5*p - 2*g - 13 = 18, 0 = 4*p + 4*g - 8. Suppose p = 2*x - 15. Let b be 33/7 - 4/(-14). What is the greatest common factor of x and b?
5
Let g(z) = -z**3 - 2*z + 1. Let n be g(-3). Let j = 56 - n. Let c = 33 - j. What is the highest common divisor of 11 and c?
11
Suppose -3*r - 38 = 3*u - 11, 3*r + 45 = 3*u. Let x = r - -24. What is the highest common factor of 132 and x?
12
Let h be (52/2)/(6/12). Suppose 2*g - z - 46 = 0, -2*z = -3*g + 5*g - h. Calculate the highest common factor of g and 3.
3
Let z(f) = -3*f + 5. Let l be z(-5). Suppose 101 = -t + 2*t. Suppose 0 = 5*p - 3*k - 287 - t, 4*k - 256 = -3*p. What is the highest common divisor of p and l?
20
Let r be (-11 - 79)*8/(-10). What is the greatest common factor of 18 and r?
18
Let k = 2 - -3. Let v = k + -5. Suppose 4*j - 119 = 3*i, -2*j + 3*i = -v*i - 67. Calculate the greatest common factor of j and 13.
13
Let r = -20 - -33. Suppose 6*p - 52 = 2*p. What is the highest common divisor of r and p?
13
Suppose -3*p - 623 = c, 3*c + 174 + 47 = -p. Let t be (-2)/12 - p/12. What is the highest common divisor of 51 and t?
17
Let m(z) be the second derivative of z**4/6 - z**3/2 - 4*z**2 + 7*z. Let l be m(4). Calculate the highest common divisor of 3 and l.
3
Let l be (-8 - 3)/(1/(-17)). What is the greatest common divisor of 11 and l?
11
Let g be 8 + -3 + -1 + 158. What is the greatest common factor of 18 and g?
18
Suppose -f + 0*f = -115. What is the highest common factor of f and 46?
23
Let y(f) = f**3 + 17*f**2 - f - 3. Let m be y(-17). Calculate the greatest common divisor of m and 56.
14
Suppose -3*f = -33 - 21. Let v(i) = -i**3 - 5*i**2 - 5*i - 7. Let s be v(-5). What is the greatest common divisor of f and s?
18
Let w = 415 - 280. Calculate the highest common factor of 27 and w.
27
Suppose 8 = 2*p, 4*g + 12 + 4 = -2*p. Let f be g/(-4)*12/18. What is the highest common factor of 9 and f?
1
Let g(s) = s**2 - 10*s - 6. Let p be g(11). Let t = -27 + 47. What is the greatest common divisor of p and t?
5
Suppose 0 = -4*t - 4, 2*k = 6*k + 2*t - 6. What is the greatest common divisor of k and 3?
1
Let w(s) = -2*s + 48 + 3*s + 62. Let m be w(0). What is the greatest common divisor of m and 10?
10
Let l = 1 + 1. Suppose -3*q + 7*q - 16 = 0. Suppose l*f - 6*f + 331 = -3*x, q*x = -f + 97. Calculate the highest common divisor of 34 and f.
17
Let a(k) be the third derivative of k**5/60 + k**3/2 + k**2. Let q be a(4). Calculate the greatest common factor of q and 152.
19
Let n = 39 + -23. Calculate the highest common divisor of 112 and n.
16
Let g = -1 + 4. Suppose 16 = g*f - 20. Calculate the highest common divisor of 12 and f.
12
Let i = -6 + 18. Suppose 0 = 3*r + u - 4*u - 24, 3*u + 15 = 0. What is the highest common divisor of r and i?
3
Let q(s) = -s**3 + 15*s**2 + s - 5. Let v be q(15). What is the greatest common divisor of v and 25?
5
Let j(c) = c**2 + 3*c. Let q be j(-6). Suppose -q = -5*z - n, 8*z - 4*z - 6 = -5*n. What is the highest common divisor of z and 4?
4
Let g = -5 - -7. Let p = g + -20. Let a = p - -45. Calculate the greatest common divisor of 3 and a.
3
Suppose -110 = -26*g + 21*g. What is the greatest common factor of g and 242?
22
Let x(p) = -p**2 + 17*p - 42. Let t be x(8). What is the greatest common factor of t and 12?
6
Let c(o) = 7*o - 3. Let s be c(2). What is the greatest common factor of 11 and s?
11
Suppose 6*l - 5*l + 6 = 4*u, -l + 5*u = 10. Let x be 906/l + 8/20. What is the highest common factor of 13 and x?
13
Let r(a) = a**2 + 2*a + 2. Let x be r(-2). Suppose -16 = x*z + 38. Let n = 41 + z. Calculate the greatest common divisor of n and 21.
7
Let s = 31 + 7. Let u(y) = 2*y + 29. Let c be u(-5). What is the highest common divisor of c and s?
19
Let h = 354 + -174. Calculate the greatest common factor of h and 20.
20
Let x(f) = 2*f - 2. Let s be x(7). Calculate the highest common divisor of 18 and s.
6
Suppose -2*y - 5*a + 5 = 3, -2*a - 3 = -3*y. Calculate the highest common factor of 1 and y.
1
Let z be (22/(-4))/(1 + 18/(-12)). Calculate the highest common factor of 121 and z.
11
Suppose 2*y + 0*y = 5*a - 68, 4*a = -3*y + 36. Calculate t